{"id":2835,"date":"2016-03-01T10:17:13","date_gmt":"2016-03-01T10:17:13","guid":{"rendered":"http:\/\/prevencija.hr\/wp\/wp-content\/uploads\/2016\/03\/Zavr\u0161ni-sastanak-s-udru\u017eunjem-Djeca-Prva-3.jpg"},"modified":"2016-03-01T10:23:49","modified_gmt":"2016-03-01T10:23:49","slug":"olympus-digital-camera-804","status":"inherit","type":"attachment","link":"http:\/\/prevencija.hr\/wp\/zavrsni-sastanak-s-udruzenjem-djeca-prva\/olympus-digital-camera-804\/#main","title":{"rendered":"Zavr\u0161ni sastanak s udru\u017eunjem Djeca Prva #3"},"author":1,"featured_media":0,"comment_status":"closed","ping_status":"closed","template":"","meta":[],"description":{"rendered":"<p class=\"attachment\"><a href='http:\/\/prevencija.hr\/wp\/wp-content\/uploads\/2016\/03\/Zavr\u0161ni-sastanak-s-udru\u017eunjem-Djeca-Prva-3.jpg'><img loading=\"lazy\" decoding=\"async\" width=\"300\" height=\"225\" src=\"http:\/\/prevencija.hr\/wp\/wp-content\/uploads\/2016\/03\/Zavr\u0161ni-sastanak-s-udru\u017eunjem-Djeca-Prva-3-300x225.jpg\" class=\"attachment-medium size-medium\" alt=\"\" srcset=\"http:\/\/prevencija.hr\/wp\/wp-content\/uploads\/2016\/03\/Zavr\u0161ni-sastanak-s-udru\u017eunjem-Djeca-Prva-3-300x225.jpg 300w, http:\/\/prevencija.hr\/wp\/wp-content\/uploads\/2016\/03\/Zavr\u0161ni-sastanak-s-udru\u017eunjem-Djeca-Prva-3-320x240.jpg 320w, http:\/\/prevencija.hr\/wp\/wp-content\/uploads\/2016\/03\/Zavr\u0161ni-sastanak-s-udru\u017eunjem-Djeca-Prva-3.jpg 800w\" sizes=\"(max-width: 300px) 100vw, 300px\" \/><\/a><\/p>\n"},"caption":{"rendered":""},"alt_text":"","media_type":"image","mime_type":"image\/jpeg","media_details":{"width":800,"height":600,"file":"2016\/03\/Zavr\u0161ni-sastanak-s-udru\u017eunjem-Djeca-Prva-3.jpg","sizes":{"thumbnail":{"file":"Zavr\u0161ni-sastanak-s-udru\u017eunjem-Djeca-Prva-3-150x150.jpg","width":150,"height":150,"mime_type":"image\/jpeg","source_url":"http:\/\/prevencija.hr\/wp\/wp-content\/uploads\/2016\/03\/Zavr\u0161ni-sastanak-s-udru\u017eunjem-Djeca-Prva-3-150x150.jpg"},"medium":{"file":"Zavr\u0161ni-sastanak-s-udru\u017eunjem-Djeca-Prva-3-300x225.jpg","width":300,"height":225,"mime_type":"image\/jpeg","source_url":"http:\/\/prevencija.hr\/wp\/wp-content\/uploads\/2016\/03\/Zavr\u0161ni-sastanak-s-udru\u017eunjem-Djeca-Prva-3-300x225.jpg"},"wp_review_large":{"file":"Zavr\u0161ni-sastanak-s-udru\u017eunjem-Djeca-Prva-3-320x240.jpg","width":320,"height":240,"mime_type":"image\/jpeg","source_url":"http:\/\/prevencija.hr\/wp\/wp-content\/uploads\/2016\/03\/Zavr\u0161ni-sastanak-s-udru\u017eunjem-Djeca-Prva-3-320x240.jpg"},"wp_review_small":{"file":"Zavr\u0161ni-sastanak-s-udru\u017eunjem-Djeca-Prva-3-65x65.jpg","width":65,"height":65,"mime_type":"image\/jpeg","source_url":"http:\/\/prevencija.hr\/wp\/wp-content\/uploads\/2016\/03\/Zavr\u0161ni-sastanak-s-udru\u017eunjem-Djeca-Prva-3-65x65.jpg"},"thumb-small":{"file":"Zavr\u0161ni-sastanak-s-udru\u017eunjem-Djeca-Prva-3-50x50.jpg","width":50,"height":50,"mime_type":"image\/jpeg","source_url":"http:\/\/prevencija.hr\/wp\/wp-content\/uploads\/2016\/03\/Zavr\u0161ni-sastanak-s-udru\u017eunjem-Djeca-Prva-3-50x50.jpg"},"thumb-medium":{"file":"Zavr\u0161ni-sastanak-s-udru\u017eunjem-Djeca-Prva-3-300x135.jpg","width":300,"height":135,"mime_type":"image\/jpeg","source_url":"http:\/\/prevencija.hr\/wp\/wp-content\/uploads\/2016\/03\/Zavr\u0161ni-sastanak-s-udru\u017eunjem-Djeca-Prva-3-300x135.jpg"},"thumb-featured":{"file":"Zavr\u0161ni-sastanak-s-udru\u017eunjem-Djeca-Prva-3-250x175.jpg","width":250,"height":175,"mime_type":"image\/jpeg","source_url":"http:\/\/prevencija.hr\/wp\/wp-content\/uploads\/2016\/03\/Zavr\u0161ni-sastanak-s-udru\u017eunjem-Djeca-Prva-3-250x175.jpg"},"full":{"file":"Zavr\u0161ni-sastanak-s-udru\u017eunjem-Djeca-Prva-3.jpg","width":800,"height":600,"mime_type":"image\/jpeg","source_url":"http:\/\/prevencija.hr\/wp\/wp-content\/uploads\/2016\/03\/Zavr\u0161ni-sastanak-s-udru\u017eunjem-Djeca-Prva-3.jpg"}},"image_meta":{"aperture":2.9,"credit":"","camera":"VG150,D735","caption":"OLYMPUS DIGITAL CAMERA","created_timestamp":1456258170,"copyright":"","focal_length":"4.8","iso":"125","shutter_speed":"0.0333333333333","title":"OLYMPUS DIGITAL CAMERA","orientation":1}},"post":2832,"source_url":"http:\/\/prevencija.hr\/wp\/wp-content\/uploads\/2016\/03\/Zavr\u0161ni-sastanak-s-udru\u017eunjem-Djeca-Prva-3.jpg","_links":{"self":[{"href":"http:\/\/prevencija.hr\/wp\/wp-json\/wp\/v2\/media\/2835"}],"collection":[{"href":"http:\/\/prevencija.hr\/wp\/wp-json\/wp\/v2\/media"}],"about":[{"href":"http:\/\/prevencija.hr\/wp\/wp-json\/wp\/v2\/types\/attachment"}],"author":[{"embeddable":true,"href":"http:\/\/prevencija.hr\/wp\/wp-json\/wp\/v2\/users\/1"}],"replies":[{"embeddable":true,"href":"http:\/\/prevencija.hr\/wp\/wp-json\/wp\/v2\/comments?post=2835"}]}}

http://prevencija.hr/wp/wp-content/uploads/2016/03/Završni-sastanak-s-udružunjem-Djeca-Prva-3.jpg

Završni sastanak s udružunjem Djeca Prva #3

<p class="attachment"><a href='http://prevencija.hr/wp/wp-content/uploads/2016/03/Završni-sastanak-s-udružunjem-Djeca-Prva-3.jpg'><img loading="lazy" decoding="async" width="300" height="225" src="http://prevencija.hr/wp/wp-content/uploads/2016/03/Završni-sastanak-s-udružunjem-Djeca-Prva-3-300x225.jpg" class="attachment-medium size-medium" alt="" srcset="http://prevencija.hr/wp/wp-content/uploads/2016/03/Završni-sastanak-s-udružunjem-Djeca-Prva-3-300x225.jpg 300w, http://prevencija.hr/wp/wp-content/uploads/2016/03/Završni-sastanak-s-udružunjem-Djeca-Prva-3-320x240.jpg 320w, http://prevencija.hr/wp/wp-content/uploads/2016/03/Završni-sastanak-s-udružunjem-Djeca-Prva-3.jpg 800w" sizes="(max-width: 300px) 100vw, 300px" /></a></p>

2016/03/Završni-sastanak-s-udružunjem-Djeca-Prva-3.jpg

Završni-sastanak-s-udružunjem-Djeca-Prva-3-150x150.jpg

http://prevencija.hr/wp/wp-content/uploads/2016/03/Završni-sastanak-s-udružunjem-Djeca-Prva-3-150x150.jpg

Završni-sastanak-s-udružunjem-Djeca-Prva-3-300x225.jpg

http://prevencija.hr/wp/wp-content/uploads/2016/03/Završni-sastanak-s-udružunjem-Djeca-Prva-3-300x225.jpg

Završni-sastanak-s-udružunjem-Djeca-Prva-3-320x240.jpg

http://prevencija.hr/wp/wp-content/uploads/2016/03/Završni-sastanak-s-udružunjem-Djeca-Prva-3-320x240.jpg

Završni-sastanak-s-udružunjem-Djeca-Prva-3-65x65.jpg

http://prevencija.hr/wp/wp-content/uploads/2016/03/Završni-sastanak-s-udružunjem-Djeca-Prva-3-65x65.jpg

Završni-sastanak-s-udružunjem-Djeca-Prva-3-50x50.jpg

http://prevencija.hr/wp/wp-content/uploads/2016/03/Završni-sastanak-s-udružunjem-Djeca-Prva-3-50x50.jpg

Završni-sastanak-s-udružunjem-Djeca-Prva-3-300x135.jpg

http://prevencija.hr/wp/wp-content/uploads/2016/03/Završni-sastanak-s-udružunjem-Djeca-Prva-3-300x135.jpg

Završni-sastanak-s-udružunjem-Djeca-Prva-3-250x175.jpg

http://prevencija.hr/wp/wp-content/uploads/2016/03/Završni-sastanak-s-udružunjem-Djeca-Prva-3-250x175.jpg

Završni-sastanak-s-udružunjem-Djeca-Prva-3.jpg
